 p?
6
Suppose 18589 = 30*u - u. What is the hundreds digit of u?
6
Let f(y) = 5*y**3 - 3*y**2 - 2*y + 6. Let k be f(4). Suppose 4*p - k = 2*u, -54 = -p + 2*u + 3*u. What is the tens digit of p?
6
Let t be ((-16)/20)/((-1)/15). Let b(u) = u + 7. Let f be b(-3). Suppose 16*a - f = t*a. What is the units digit of a?
1
Let m = -323 - -903. What is the units digit of m?
0
Let n be (7/(-4))/(6/(-312)*-13). Suppose 2*o = 63 + 25. Let t = n + o. What is the units digit of t?
7
Let i(l) = 52*l + 109. What is the hundreds digit of i(41)?
2
Suppose -7*g - 1940 = -2*g. What is the units digit of (-3)/5 - g/5?
7
What is the units digit of (-8 - (-595 - -10))*2?
4
Let d be (0 + -4 - -3) + 4. Suppose 291 = d*m + 15. What is the tens digit of m?
9
Suppose -22*r + 3 = -25*r. Let a(u) = 2*u - 1. Let c be a(2). Let x = c - r. What is the units digit of x?
4
Suppose 2*z - 754 = -11*z. What is the tens digit of z + ((-6)/(-2) - (-3 - -5))?
5
Let o(h) be the third derivative of 0*h + 1/20*h**5 + 1/3*h**4 - 12*h**2 + 4/3*h**3 + 0. What is the units digit of o(-5)?
3
Let b(x) = -4*x**2 - 4*x - 13. Let c be b(-6). Let l = c + 275. What is the units digit of l?
2
Let c = -50 + 179. What is the units digit of c?
9
Let a(j) = j + 3. Let f be a(15). Let d = f + -14. What is the tens digit of (d - 0)*(-198)/(-24)?
3
Suppose 20 = -5*m, 2*v - 5*m + 0 - 3886 = 0. What is the hundreds digit of v?
9
Suppose 4*y + w - 6944 = 0, -6*y - 5*w - 8705 = -11*y. What is the hundreds digit of y?
7
Let j(t) = 92*t + 154. What is the hundreds digit of j(13)?
3
Suppose 0 = 2*f - 485 - 835. What is the tens digit of f?
6
Let l be (21/4)/(45/60). Suppose 0 = -3*r - f + 100, 4*f + 27 = l. What is the tens digit of r?
3
What is the hundreds digit of -7 - -16 - -262*3?
7
What is the units digit of (-542*(9 + -10))/(2/3)?
3
Let o = 1446 - 822. What is the units digit of o?
4
Suppose 810 + 1380 = 6*i. What is the hundreds digit of i?
3
Suppose 0 = -4*b - 0*b + p + 481, -5*p = 5*b - 595. What is the hundreds digit of b?
1
Suppose -o + 1364 = 5*m, 0 = -122*o + 117*o - 2*m + 6797. What is the hundreds digit of o?
3
Suppose 338 + 57 = 5*r. Let l = -44 + r. What is the tens digit of l?
3
Suppose 2*i - 2*y = 1692, -34*i + 2*y - 4230 = -39*i. What is the tens digit of i?
4
Let c(a) = 2*a**2 + 16*a + 8. Let r be c(-11). Let p = r - 43. What is the tens digit of p?
3
Suppose 4*s - 7 = -2*t - t, s = -3*t + 13. Suppose 4*l + 4*c = 72, -3*c + 111 = t*l - 5*c. What is the units digit of l?
1
Let j(y) = -y**2 - 12*y + 2029. What is the thousands digit of j(0)?
2
Let a = -10 - -14. Suppose 3*d + 4*r - 19 = 0, -3*d - a*r = d - 20. What is the units digit of -2*d/(-4)*2?
1
Suppose -d - 2*d - 5*s = 56, 0 = 4*d + 2*s + 56. What is the hundreds digit of (d/16)/(1/(-156))?
1
Suppose 2*c + x = -c - 39, 0 = 5*c + 5*x + 65. Let f be (-3)/(3/37) - (9 + -13). Let n = c - f. What is the tens digit of n?
2
What is the hundreds digit of 338/52*1*190?
2
Suppose -24*d + 46948 = -9644. What is the hundreds digit of d?
3
Let b be 990/35 - (-2)/(-7). Suppose -21*y + 25*y = b. Suppose -3*d = -14 - y. What is the units digit of d?
7
Suppose 1254 + 506 = 8*j. What is the hundreds digit of j?
2
Let n be (0 + -3)/((-6)/14). Suppose -10*v = -n*v - 306. What is the tens digit of v?
0
Suppose -87*p + 20832 = -79*p. What is the units digit of p?
4
Suppose -3*y = -5*x + 5 + 12, 0 = -3*x + y + 11. Let d(n) = 5*n - 29. Let f be d(6). What is the units digit of (-459)/(-12) - f/x?
8
Let n(j) = -j**2 - 5*j - 6. Let x be -1 + -1 + 4*-1. Let i be n(x). Let s = i + 21. What is the units digit of s?
9
Let x = 19 - 17. Suppose -x = -2*i + 4. What is the units digit of (-138)/(-8) - i/12?
7
Let k(i) = 5*i**3 + 2*i**2 + 31*i - 3. What is the thousands digit of k(7)?
2
Suppose -8*w = -269 - 307. Suppose y - i = -3 + 23, w = 5*y + 2*i. What is the units digit of y?
6
Let h = -31 + 34. Suppose 0 = h*u - 2*u - 4. What is the units digit of (u + 28/(-6))*-126?
4
Let h = 163 - -142. What is the tens digit of h?
0
Suppose -29*n = -28*n - 1046. What is the tens digit of n?
4
Let j(p) = -7*p. What is the units digit of j(-19)?
3
Let p(h) = h + 44. Let x be p(0). Suppose 4*r + x = 8*r. What is the units digit of r?
1
Let u = -847 - -1956. What is the thousands digit of u?
1
Suppose -4*l - 5*j + 182 = 0, 3*l - 2*j - 191 + 66 = 0. Suppose -2*b - 5*d = -0*b + 9, -b + d + 6 = 0. What is the units digit of -1 + l/b*3?
2
Let q = 111 - -946. What is the thousands digit of q?
1
Let c = 2052 + -213. What is the tens digit of c?
3
Suppose 4*t + 0*t - 4 = 0. Let a(j) = 5*j**3 + 2*j - 1. What is the units digit of a(t)?
6
Suppose 564 = -s + 5*p + 2542, -5*s + 9869 = -4*p. What is the hundreds digit of s?
9
Let o = 49 + -48. What is the units digit of (9/(-12) + o)*452?
3
Let x = 55 + -51. Suppose x*g - 207 = 225. What is the hundreds digit of g?
1
Let r = -95 + 55. Let u = -18 - r. What is the tens digit of u?
2
Suppose 11*m = 9*m. Suppose 3*b = 3*y - m*b - 147, 2*y + b = 89. What is the units digit of y?
6
Suppose 3*w - 7 = -5*i + 391, -5*i = -5*w - 390. Let p be (-2 - (-39)/9)*(-3 - 15). Let t = p + i. What is the units digit of t?
7
Let t(d) = -d**2 + 9*d + 10. Suppose g = -2*g + 30. Let r be t(g). Suppose r*f = -2*z + 5*f + 64, -2*z - 5*f = -44. What is the units digit of z?
7
What is the units digit of (27/(-12) + 3)*(-2708)/(-1)?
1
Let w(p) = p**3 - 2 + 9 - 7*p**2 + 0*p**3. Let l be w(7). Let b = l - -12. What is the tens digit of b?
1
Suppose 5*u - 7*u = -10. Suppose 3*w - 110 = u*v, -2*w - v + 122 = w. What is the tens digit of w?
4
Suppose 3*i = 1421 - 20. What is the tens digit of i?
6
Suppose -157 = -3*o - j, 2*j - 4 = -2. Let q = -76 + 107. Let y = o - q. What is the units digit of y?
1
What is the tens digit of 1679 + 1 - (-99 - -101)?
7
Suppose 3*m + 0*m + 98 = 4*r, 16 = -4*r. Let s = 286 + m. What is the hundreds digit of s?
2
Let b = -20 - -22. Suppose -2*l - b*g + 15 = 3*g, -5*g = -5*l + 90. Suppose -5*r + 30 = -l. What is the units digit of r?
9
Let j be (-6)/(-9)*21*-1. Let n be 1/(-3) - j/6. Suppose -z = 3*f - 69, -n*f + 18 = 3*z - 21. What is the tens digit of f?
2
Suppose 18*w = 2828 + 2032. What is the tens digit of w?
7
Suppose 0 = 2*d - 860 + 62. What is the tens digit of d?
9
Let m = 34 - 32. Suppose -2*n + 160 = -m*f, f + 172 = 2*n - 4*f. What is the tens digit of n?
7
Let w(g) = -98*g + 46*g + 50*g - 8. Let c be -8 + -2*1*-1. What is the units digit of w(c)?
4
Let z = 2589 - 2068. What is the tens digit of z?
2
Let f(o) = o**3 - 5*o**2 + 6*o + 4. Let u(v) = v**2 - 2*v - 2. Let d be u(-2). What is the units digit of f(d)?
6
Suppose 24*s - 448 = -8*s. Let k be ((-3)/4)/(1/4). What is the units digit of 272/s + k/7?
9
Suppose -m - 9 = 3*r + 29, -54 = 5*r - 3*m. Let f = 39 - r. What is the units digit of f?
1
Suppose 0 = -4*l - 8 + 20. Let v be 0 + 1/(l/6). What is the tens digit of 28/v - 5/(-5)?
1
Let y be ((-4)/(-5))/(12/(-60)). Let s(f) = -7*f**3 + f**2 - 11*f. Let c(p) = p**3 - p**2 + p - 1. Let w(i) = -6*c(i) - s(i). What is the units digit of w(y)?
2
Let u(b) be the third derivative of -b**6/120 - b**5/60 - b**4/6 - b**3/2 - 23*b**2. Let h = 6 - 9. What is the tens digit of u(h)?
2
Let i be 3/(-12) + 1701/36. What is the hundreds digit of 3*i - (-13 + 9)?
1
Let c be 1/(-2)*-4*105. What is the units digit of (c/(-25))/(4/(-30))?
3
Let o be (-2 - 2)/(-4)*1 - 6. What is the units digit of (-1 - (-4 - -5)) + (2 - o)?
5
Suppose 0 = 2*p - 2*f - 18 + 10, -p = -5*f - 20. Suppose -4*d - 5*h = -141 - 299, p = -d + h + 119. What is the tens digit of d?
1
Let n(u) = -49*u + 44. Let y be n(18). What is the units digit of 6/15 + y/(-5)?
8
Let k = -777 + 1626. What is the hundreds digit of k?
8
Suppose 4*s - 1127 = 261. What is the hundreds digit of s?
3
Suppose 0 = -v + 14 - 5. Let j(i) = 3*i**3 - 2*i**2 + 2*i - 1. Let n be j(1). Suppose -v*h + n*h + 399 = 0. What is the units digit of h?
7
Let d = -146 + 1195. What is the thousands digit of d?
1
Let a be (-2 - 0)*(5 - 7). Let w(z) = 3*z - 5. What is the units digit of w(a)?
7
Let k(v) = -3*v - 25. Let u be k(-11). Suppose -3*t - 36 = -a, -5*t + 9 + u = 2*a. What is the tens digit of a?
2
Suppose -5*c + 1790 = 19*y - 18*y, 0 = -5*y + 25. What is the tens digit of c?
5
Let f be 104/6*165/2. What is the